 to base 11
-650
What is 123 (base 12) in base 5?
1141
What is -64d (base 16) in base 5?
-22423
-19b11 (base 13) to base 2
-1100010000011111
What is 1014 (base 12) in base 13?
a42
-21201 (base 3) to base 16
-d0
What is 291d (base 15) in base 14?
32cb
What is -144 (base 14) in base 3?
-100111
What is 1bc (base 15) in base 4?
12102
What is -146 (base 16) in base 2?
-101000110
-20221211 (base 3) to base 8
-11717
What is 9043 (base 13) in base 2?
100110101110100
119a (base 14) to base 2
110000000100
What is 202000 (base 3) in base 6?
2300
218 (base 16) to base 14
2a4
What is 787 (base 9) in base 16?
286
Convert 19da (base 14) to base 13.
21a7
-1425 (base 6) to base 3
-111222
What is -168 (base 12) in base 7?
-440
What is 123464 (base 7) in base 11?
16210
What is -78 (base 10) in base 15?
-53
Convert -1113 (base 6) to base 15.
-126
-5776 (base 8) to base 3
-11012201
What is -359 (base 10) in base 5?
-2414
-4d3 (base 14) to base 15
-449
-1023421 (base 5) to base 15
-5226
-21375 (base 8) to base 6
-105245
Convert -14575 (base 9) to base 12.
-5912
Convert 1664 (base 14) to base 8.
7650
-11022022 (base 3) to base 13
-1577
What is -100202 (base 3) in base 6?
-1115
Convert -b6c (base 13) to base 15.
-89e
1001001100 (base 2) to base 8
1114
Convert -351 (base 11) to base 2.
-110100011
What is -142454 (base 7) in base 6?
-330312
Convert 424221 (base 6) to base 15.
a3ea
What is -3762 (base 8) in base 15?
-909
What is -151 (base 7) in base 6?
-221
Convert aa67 (base 12) to base 13.
8731
What is 425 (base 6) in base 4?
2201
Convert -16360 (base 8) to base 6.
-54144
Convert 37310 (base 12) to base 7.
430632
What is 4188 (base 15) in base 16?
361d
ac (base 14) to base 12
108
-8c5a (base 15) to base 12
-152a1
Convert -24349 (base 13) to base 3.
-10101012011
Convert -233 (base 16) to base 15.
-278
Convert -3b6 (base 15) to base 6.
-3530
5400 (base 8) to base 3
10212022
Convert -21a1 (base 13) to base 16.
-1256
-2301 (base 4) to base 12
-129
What is 101122212 (base 3) in base 2?
1111001011100
-1033223 (base 5) to base 14
-6774
Convert 4134 (base 6) to base 5.
12142
237 (base 10) to base 12
179
Convert -15120 (base 7) to base 15.
-1389
Convert 21300 (base 4) to base 13.
390
10203 (base 4) to base 6
1203
-15a (base 12) to base 11
-185
bfa (base 16) to base 5
44231
Convert -3474 (base 14) to base 10.
-9118
13443 (base 7) to base 2
111001001001
What is -24334 (base 11) in base 10?
-35006
Convert 55 (base 14) to base 4.
1023
-781a (base 13) to base 4
-10011302
-11010101100001 (base 2) to base 9
-20663
16464 (base 8) to base 9
11226
What is -344a1 (base 11) in base 7?
-265212
-6315 (base 9) to base 16
-1217
2111 (base 4) to base 8
225
Convert -1160 (base 7) to base 2.
-110110010
222 (base 13) to base 16
16e
What is 265 (base 12) in base 3?
111112
What is 111330 (base 4) in base 6?
10300
Convert -1041 (base 9) to base 7.
-2143
Convert 1100331 (base 4) to base 12.
2bb9
Convert -2c4 (base 13) to base 8.
-762
35165 (base 7) to base 3
110100212
Convert 4157 (base 13) to base 14.
340d
What is -2412 (base 11) in base 2?
-110001010111
What is -27050 (base 11) in base 9?
-58018
-25544 (base 6) to base 15
-123a
What is -11035 (base 6) in base 8?
-2777
Convert 60642 (base 7) to base 9.
22176
What is 1100 (base 2) in base 15?
c
Convert 1211100 (base 3) to base 4.
110310
-4cb (base 14) to base 2
-1111000011
408 (base 10) to base 14
212
11011111001011 (base 2) to base 10
14283
What is 2e5d (base 15) in base 9?
14627
Convert 17746 (base 9) to base 15.
3983
What is 11011010101 (base 2) in base 12?
1019
What is 843 (base 9) in base 4?
22233
What is -3652 (base 8) in base 14?
-a02
Convert 35050 (base 8) to base 14.
55d6
What is -9b9 (base 14) in base 3?
-2122101
What is -a87 (base 12) in base 14?
-7c3
What is 223223 (base 4) in base 8?
5353
27118 (base 9) to base 14
696b
505 (base 7) to base 14
13c
Convert 5432 (base 8) to base 12.
178a
28 (base 15) to base 7
53
Convert -234 (base 6) to base 9.
-114
Convert abbd (base 15) to base 16.
8e33
110100010011101 (base 2) to base 13
c261
What is -210102111 (base 3) in base 5?
-444434
-1161 (base 7) to base 15
-1e0
200102 (base 5) to base 3
22121111
What is -300331 (base 5) in base 15?
-2c11
Convert -1aa41 (base 11) to base 12.
-14a9a
-11110000011100 (base 2) to base 4
-3300130
What is 5697 (base 10) in base 15?
1a4c
-101000110011 (base 2) to base 5
-40421
What is -164 (base 12) in base 5?
-1340
What is -112251 (base 6) in base 11?
-7244
What is 25561 (base 7) in base 2?
1101010010101
What is 957 (base 11) in base 2?
10001111111
65a5 (base 15) to base 6
243402
860 (base 13) to base 11
1090
What is 2a3 (base 12) in base 15?
1c6
What is 1309 (base 13) in base 15?
c0d
What is 146d (base 15) in base 8?
10432
What is -2690 (base 16) in base 2?
-10011010010000
Convert -345c (base 13) to base 7.
-30261
Convert -3631 (base 8) to base 16.
-799
What is -12023 (base 4) in base 9?
-478
2973 (base 10) to base 16
b9d
-2492 (base 15) to base 13
-3710
10001101 (base 2) to base 6
353
Convert 162 (base 10) to base 15.
ac
Convert 9194 (base 15) to base 7.
155422
What is -271 (base 11) in base 5?
-2240
What is -11266 (base 8) in base 2?
-1001010110110
What is -2505 (base 6) in base 4?
-21221
-1100110001001 (base 2) to base 6
-50133
What is 55101 (base 7) in base 8?
32712
Convert 1837 (base 10) to base 11.
1420
Convert 3213 (base 6) to base 11.
603
What is -22578 (base 13) in base 6?
-1201100
135665 (base 8) to base 14
13725
Convert -12c02 (base 14) to base 15.
-da8d
110160 (base 7) to base 5
1104144
-6051 (base 7) to base 10
-2094
1035 (base 8) to base 4
20131
What is -113233 (base 5) in base 11?
-3172
Convert -13098 (base 11) to base 4.
-10210311
Convert -14ea (base 15) to base 5.
-120440
Convert -3570 (base 8) to base 9.
-2554
What is 44ad (base 15) in base 6?
151231
Convert -17 (base 8) to base 9.
-16
Convert 30 (base 13) to base 16.
27
Convert 106a9 (base 13) to base 6.
345322
458 (base 16) to base 12
788
33236 (base 7) to base 16
20a5
What is -1112 (base 4) in base 12?
-72
-110011101 (base 2) to base 13
-25a
What is -5303 (base 6) in base 15?
-546
What is -441143 (base 6) in base 16?
-8ed7
33176 (base 8) to base 14
5126
-1243 (base 5) to base 7
-402
What is 121210012 (base 3) in base 11?
9214
What is -11212002 (base 3) in base 11?
-2728
-222 (base 11) to base 9
-325
What is -730 (base 10) in base 2?
-1011011010
-e04 (base 15) to base 6
-22334
What is -10011101001 (base 2) in base 3?
-1201120
-8b4b (base 12) to base 9
-23185
-514 (base 8) to base 5
-2312
-710 (base 14) to base 2
-10101101010
What is -10111011 (base 2) in base 14?
-d5
-d (base 14) to base 3
-111
Convert -3315 (base 6) to base 8.
-1377
12022020 (base 3) to base 10
3867
-1911 (base 11) to base 14
-c5a
Convert 2031 (base 6) to base 11.
380
-110100 (base 2) to base 7
-103
Convert 2121021000 (base 3) to base 4.
30200103
Convert -10101 (base 2) to base 6.
-33
Convert 13733 (base 8) to base 9.
8335
-8535 (base 13) to base 6
-221253
What is 20325 (base 11) in base 16?
73e8
Convert 110562 (base 7) to base 15.
5b9c
181 (base 15) to base 13
208
What is 3914 (base 11) in base 10?
5097
What is -c4d (base 15) in base 11?
-20a1
-431 (base 7) to base 15
-e8
-5413 (base 6) to base 10
-1233
What is -1401 (base 10) in base 16?
-579
Convert 58a (base 11) to base 15.
31d
965 (base 13) to base 16
644
What is 2437 (base 11) in base 13?
15b1
Convert 3242 (base 7) to base 11.
962
What is -5796a (base 11) in base 5?
-10134222
8188 (base 10) to base 11
6174
Convert -968 (base 11) to base 4.
-102023
What is -10c75 (base 13) in base 3?
-1120002111
Convert -23145 (base 7) to base 4.
-1130121
What is 311001 (base 5) in base 7?
41344
Convert 310d (base 14) to base 13.
3ac4
Convert 457d (base 14) to base 2.
10111100100011
Convert 1102021 (base 3) to base 4.
100021
What is -9724 (base 13) in base 9?
-31707
What is 1200211 (base 3) in base 16?
4d5
What is 1132 (base 9) in base 3?
1011002
What is -22554 (base 7) in base 5?
-141042
Convert -40 (base 14) to base 16.
-38
Convert -909 (base 12) to base 16.
-519
1754 (base 16) to base 3
22012012
-2217 (base 12) to base 7
-13654
Convert 18783 (base 11) to base 12.
13217
Convert b93 (base 13) to base 6.
13055
What is 2544 (base 9) in base 14?
99d
-125 (base 10) to base 4
-1331
What is 